-40)/12*(-12)/10. What is the remainder when 41 is divided by ((-14)/s)/((-5)/30)?
20
Let i(s) be the first derivative of 1/4*s**4 - s**2 + 2 - 2/3*s**3 - 3*s. What is the remainder when i(4) is divided by 12?
9
Suppose -p + 3 = 6. Let v(q) = -q**3 - 2*q**2 + q - 1. Let o be v(p). Let f = o + 57. Calculate the remainder when f is divided by 16.
14
Let o(c) = -5*c - 4. Let v be 12/(-54) - 25/9. Let u(p) = 3*p**2 - 3*p - 4. Calculate the remainder when u(v) is divided by o(-3).
10
Let q = 7 + -4. Suppose q*s - 6*s = -6. Let x = s - -1. What is the remainder when 7 is divided by x?
1
Suppose -d = q + 28, 6*d = 2*q + d + 21. Let c(p) = -p**2 - 6*p - 1. Let r be c(5). Let b = q - r. Calculate the remainder when b is divided by 9.
6
Suppose 4*y = -2*v + 62, -4*y - 204 + 32 = -4*v. What is the remainder when v is divided by 2*((-18)/(-2) - 2)?
11
Let x(q) = 2*q - 7. Let c be x(5). Suppose 8 = 2*f, 0*f = -4*w - c*f + 140. Calculate the remainder when w is divided by 11.
10
Suppose -6*o = -o. Suppose 2*p - 17 = -m, o = 3*m - 6*m - 3*p + 57. What is the remainder when 60 is divided by m?
18
Let l = 69 + -45. Calculate the remainder when l is divided by 13.
11
Let q = -36 - -61. Calculate the remainder when q is divided by 13.
12
Let s = -66 - -111. Suppose p = -2*p + s. Suppose -2*k = -10, -2*y = -y - k - 23. What is the remainder when y is divided by p?
13
Let o = 21 + -13. Let q(n) = n**2 - n + 5. Calculate the remainder when o is divided by q(0).
3
Let p = -246 - -271. Let f = 0 - 1. Calculate the remainder when p is divided by f + 3*(-20)/(-6).
7
Calculate the remainder when (93/9)/(4*4/48) is divided by 16.
15
Let r = -6 + 19. What is the remainder when 24 is divided by r?
11
Let s = -16 + 18. Suppose o = -4*w + 26, -3*o = -w - 2*w - 3. Calculate the remainder when o is divided by s.
0
Let b = 11 - 9. Let o = 9 - b. Let l = 13 + 7. Calculate the remainder when l is divided by o.
6
Let j be 2 - (2 - (0 - -2)). Suppose j*f = 0, 5*f = -2*p + 82 - 12. What is the remainder when p is divided by 18?
17
Suppose 43 = 5*j + 8. Let y = 13 - 9. Calculate the remainder when j is divided by y.
3
Let z(j) = j**2 + 8*j + 10. Calculate the remainder when 56 is divided by z(-9).
18
Let w = -4 + 39. Suppose -2*z + z = -12. What is the remainder when w is divided by z?
11
Let j be (-6)/(-5)*40/6. Suppose 70 = j*h - h. Calculate the remainder when h is divided by 7.
3
Let n = 34 - 17. Let j be 9*3*(3 - 2). What is the remainder when n is divided by j/2*(-4)/(-6)?
8
Suppose -3*x + 0*z = -5*z - 24, -3*x - 5*z = -24. Calculate the remainder when -31*(-1 - (3 + -3))/1 is divided by x.
7
Let z = -70 + 76. Calculate the remainder when 33 is divided by z.
3
Let l = 19 - -145. What is the remainder when l is divided by 33?
32
Let t = 13 + -3. Suppose 2*d + 2 + 0 = 0. Calculate the remainder when d/(-5) - 376/(-20) is divided by t.
9
Let m be (6/(-4))/(15/(-40)). Suppose 2*v - m*v = -8. What is the remainder when 11 is divided by v?
3
Let t = 1 - -4. Suppose -2*l - t*m = 9, -5*l + m = 4*m - 6. Calculate the remainder when 11 is divided by l.
2
Suppose -4*i = -3*o - 5*i + 12, 5*o - 20 = 2*i. Calculate the remainder when 9 is divided by o.
1
Let d = 27 + -8. What is the remainder when d is divided by 10?
9
Suppose -1 = -5*d + 29. What is the remainder when d is divided by 2?
0
Calculate the remainder when 550/33 - (-4)/(-6) is divided by 10.
6
Suppose -162 = -5*l + 3*h, -5*h + 50 = 3*l - 54. Suppose -3*d - 10 = -64. What is the remainder when l is divided by d?
15
Suppose -4*f - 8 = -72. Suppose -5*l - 5*i - 19 = -4*l, l + 13 = -3*i. Let g(u) = -9*u - 6. What is the remainder when g(l) is divided by f?
14
Let z(h) = 0 + 5 - h + 3. Let l be z(6). Suppose 4 = l*q - 6. What is the remainder when 8 is divided by q?
3
Suppose -4*k - 2*b = -6, 6 = -2*k + 3*b - 3. Let i(c) = 3 + 7*c + 7*c**2 + 0 + c**3 + k*c. Calculate the remainder when 34 is divided by i(-5).
16
Let f(k) = k**3 + 4*k**2 + 3*k + 6. Let b be 1/((-2)/4) + -1. Calculate the remainder when 10 is divided by f(b).
4
Let t(l) = l**3 - 2*l**2 - 4*l + 3. Let d be t(3). Suppose -3*p + d*p + 114 = 3*a, -3*p = 4*a - 148. Calculate the remainder when a is divided by 18.
16
Let s(x) = -1. Let v(i) = i - 4. Let k(p) = -5*s(p) - v(p). Let g(y) = y - 4. Let m be g(4). What is the remainder when 26 is divided by k(m)?
8
Suppose -4*s + 5 = 3*f + 17, f + 4 = -3*s. Suppose m - 3 = -s*m. What is the remainder when 8 is divided by m?
2
Let j(o) = o**3 + 5*o**2 + 4*o + 3. Let u be j(-3). Suppose 4*s - u*s + 140 = 0. What is the remainder when s is divided by 15?
13
Suppose -6*k = -9*k + 96. Suppose 3*f + 3*x - 63 = 0, -4*f + 26 = -2*f - 2*x. Calculate the remainder when k is divided by f.
15
Let d = 5 - 4. Suppose -2*s - d = -7. Calculate the remainder when 5 is divided by s.
2
Let v = -37 - -43. Calculate the remainder when 20 is divided by v.
2
Let y = -8 + 12. Suppose -3*j + 169 = 2*c, -y*c - c = 20. What is the remainder when j is divided by 30?
29
Let q be 2*3/(3 + 0). Let s(g) = 1 - 6*g + 3*g**q + 0 - 5. Calculate the remainder when s(5) is divided by 14.
13
Suppose 7*d + 5*o = 4*d + 205, 4*d + 2*o = 292. Let q = 97 + d. Suppose y - 5*y = 4*f - q, 4*f - 137 = 3*y. What is the remainder when f is divided by 13?
12
Let y(o) = -o + 34. What is the remainder when 55 is divided by y(6)?
27
Suppose 2*h = -8*h + 70. Let d be (14 - 4)*2/4. Suppose d*f - f = 44. What is the remainder when f is divided by h?
4
Let b(u) be the first derivative of u**3 - 5*u**2/2 - 7*u - 4. What is the remainder when b(5) is divided by 15?
13
Suppose 6*s - 24 - 12 = 0. What is the remainder when 9 is divided by s?
3
Suppose 4*q + 620 = 5*m, 6*m = m - 5*q + 665. What is the remainder when m is divided by 13?
11
Suppose 3*a - 132 = -a. Let z(y) = -y**2 + y + 9. What is the remainder when a is divided by z(0)?
6
Let t(f) = f**3 - 12*f**2 - 10*f - 12. What is the remainder when t(13) is divided by 14?
13
Let r = 64 + -57. What is the remainder when 76 is divided by r?
6
Let u be (-296)/(-12)*1*3. Let j = -51 + u. Calculate the remainder when j is divided by 12.
11
Let i(c) = -c - 6. Let k(z) = 4*z + 2. Let u be k(-2). Let q be i(u). Calculate the remainder when 25 is divided by (-1)/(q + (-3)/39).
12
Let j(w) = -107*w - 1. Let c be j(-1). Let x be (-4)/(-6) + 2/6. Calculate the remainder when 35 is divided by c/6 + x/3.
17
Let l(i) = -i**2. Let m(a) = 4*a**2 - 5*a + 1. Let p(n) = -3*l(n) - m(n). Calculate the remainder when p(3) is divided by 3.
2
Let b(i) = 2*i**3 + i**2 - 2*i + 1. Let v be b(1). Suppose v*h = -2*h + 4. Calculate the remainder when 50 is divided by (-52)/(-1)*h/2.
24
Let z be 2/((-248)/122 + 2). Let q = 95 + z. Calculate the remainder when q is divided by (-2 - -4)/((-1)/(-6)).
10
Suppose -23 = -5*f - 8. Suppose -2*s = 3*q - 70, 0 = 2*s - f*s + 5. Suppose -w + 33 = 2*w. What is the remainder when q is divided by w?
9
Let r = -48 - -68. Calculate the remainder when 77 is divided by r.
17
Let g = 3 + -1. Suppose 0 = l + 5*o + 8, o = g*o + 3. What is the remainder when 12 is divided by l?
5
Suppose 3*l - 88 = 2. What is the remainder when 117 is divided by l?
27
Let k(z) = 3*z**2 + 33*z + 27. Let r(f) = f**2 + 11*f + 9. Let p(b) = -6*k(b) + 17*r(b). Calculate the remainder when p(-4) is divided by 10.
9
Suppose -v = -2*p + 3*p - 66, 3*v - 3*p = 228. Let r = v + -43. What is the remainder when r is divided by 10?
8
Suppose -f = f + 10. Let j(o) = o + 8. Let h be j(f). Suppose -2 + 3 = d + h*r, 3*d - 3 = -r. What is the remainder when d is divided by 1?
0
Suppose 4 + 4 = -4*g. What is the remainder when 16 is divided by g/((-22)/18 - -1)?
7
Suppose -4*u - 3*j - 23 = 0, -u = -0*u + 4*j + 22. What is the remainder when 29 is divided by 10/(u/(-3)*1)?
14
Suppose 0 = -i + 4*k + 15, 2*k - 42 = -4*i - 0*k. What is the remainder when 54 is divided by i?
10
Suppose 2*f - 3*f - 7 = 0. Let h(a) be the first derivative of -3*a**2/2 + 7*a + 1. What is the remainder when h(f) is divided by 10?
8
Let n be ((1 - -3)*3)/2. Suppose n*l = l + 85. Calculate the remainder when 48 is divided by l.
14
Suppose -3*w - 24 = -4*b - 2*w, -2*b = 2*w - 22. Suppose 33 = 2*s - 19. Calculate the remainder when s is divided by b.
5
Let y(b) = 4*b**2 + 50*b - 9. What is the remainder